{"id":591,"date":"2025-01-07T16:02:55","date_gmt":"2025-01-07T15:02:55","guid":{"rendered":"https:\/\/www.camping-laprevote.fr\/?page_id=591"},"modified":"2025-03-07T14:19:52","modified_gmt":"2025-03-07T13:19:52","slug":"legal-information","status":"publish","type":"page","link":"https:\/\/www.camping-laprevote.fr\/en\/mentions-legales\/","title":{"rendered":"Legal information"},"content":{"rendered":"<div class=\"wp-block-stackable-columns stk-block-columns stk-block stk-63fb2a9\" data-block-id=\"63fb2a9\"><style>.stk-63fb2a9 {margin-right:10% !important;margin-left:10% !important;}<\/style><div class=\"stk-row stk-inner-blocks stk-block-content stk-content-align stk-63fb2a9-column\">\n<div class=\"wp-block-stackable-column stk-block-column stk-column stk-block stk-0ffb381\" data-v=\"4\" data-block-id=\"0ffb381\"><div class=\"stk-column-wrapper stk-block-column__content stk-container stk-0ffb381-container stk--no-background stk--no-padding\"><div class=\"stk-block-content stk-inner-blocks stk-0ffb381-inner-blocks\">\n<h3 class=\"wp-block-heading\">Publisher<\/h3>\n\n\n\n<p>SARL POLYAN LOISIRS<\/p>\n\n\n\n<p>501 622 427 R.C.S. LA ROCHE SUR YON<br>RC pro N\u00b00866144 insured with Finist\u00e8re assurance through Cabinet Marc Perray.<br>Registered office: 62, avenue de la Faye, 85270 Saint Hilaire de Riez, France<br>Telephone number : 02 51 54 31 19<br>E-mail: campinglaprevote@orange.fr<\/p>\n\n\n\n<h3 class=\"wp-block-heading\">Publishing director<\/h3>\n\n\n\n<p>Christophe GHILLET<\/p>\n<\/div><\/div><\/div>\n\n\n\n<div class=\"wp-block-stackable-column stk-block-column stk-column stk-block stk-1ab2f58\" data-v=\"4\" data-block-id=\"1ab2f58\"><div class=\"stk-column-wrapper stk-block-column__content stk-container stk-1ab2f58-container stk--no-background stk--no-padding\"><div class=\"stk-block-content stk-inner-blocks stk-1ab2f58-inner-blocks\">\n<h3 class=\"wp-block-heading\">Technical and graphic production :<\/h3>\n\n\n\n<p>SEV \/ Ouest-Communication.com<br>123 Bd Louis Blanc, Hall 2<br>85000 La Roche sur Yon<br>Tel.: 02 51 20 30 40<br>E-mail: contact@ouest-communication.com<br>Website :&nbsp;<a href=\"https:\/\/www.ouest-communication.com\/\" target=\"_blank\" rel=\"noreferrer noopener\">https:\/\/www.ouest-communication.com\/<\/a><\/p>\n\n\n\n<h3 class=\"wp-block-heading\">Site hosting :<\/h3>\n\n\n\n<p>OVH<br>2 rue Kellermann<br>59100 Roubaix<\/p>\n<\/div><\/div><\/div>\n<\/div><\/div>\n\n\n\n<div class=\"wp-block-stackable-columns stk-block-columns stk-block stk-7210b22\" data-block-id=\"7210b22\"><style>.stk-7210b22 {margin-right:10% !important;margin-left:10% !important;}<\/style><div class=\"stk-row stk-inner-blocks stk-block-content stk-content-align stk-7210b22-column\">\n<div class=\"wp-block-stackable-column stk-block-column stk-column stk-block stk-f145e30\" data-v=\"4\" data-block-id=\"f145e30\"><div class=\"stk-column-wrapper stk-block-column__content stk-container stk-f145e30-container stk--no-background stk--no-padding\"><div class=\"stk-block-content stk-inner-blocks stk-f145e30-inner-blocks\">\n<h2 class=\"wp-block-heading\">Use of personal data collected<\/h2>\n\n\n\n<div class=\"wp-block-stackable-columns stk-block-columns stk-block stk-8902aac\" data-block-id=\"8902aac\"><div class=\"stk-row stk-inner-blocks stk-block-content stk-content-align stk-8902aac-column\">\n<div class=\"wp-block-stackable-column stk-block-column stk-column stk-block stk-66d68ca\" data-v=\"4\" data-block-id=\"66d68ca\"><div class=\"stk-column-wrapper stk-block-column__content stk-container stk-66d68ca-container stk--no-background stk--no-padding\"><div class=\"stk-block-content stk-inner-blocks stk-66d68ca-inner-blocks\">\n<div class=\"wp-block-stackable-text stk-block-text stk-block stk-31912ec\" id=\"formulaires-de-contact\" data-block-id=\"31912ec\"><p class=\"stk-block-text__text\">Your personal data are only used in the context of the commercial relationship between you and the publisher \"SARL POLYAN LOISIRS\".<\/p><\/div>\n\n\n\n<div class=\"wp-block-stackable-text stk-block-text stk-block stk-717b2c0\" id=\"formulaires-de-contact\" data-block-id=\"717b2c0\"><p class=\"stk-block-text__text\">Unless you give your explicit consent, your details will not be passed on to third parties.<\/p><\/div>\n\n\n\n<div class=\"wp-block-stackable-heading stk-block-heading stk-block-heading--v2 stk-block stk-3332087\" id=\"formulaires-de-contact\" data-block-id=\"3332087\"><h3 class=\"stk-block-heading__text\">Contact forms<\/h3><\/div>\n\n\n\n<div class=\"wp-block-stackable-text stk-block-text stk-block stk-d176cb4\" id=\"formulaires-de-contact\" data-block-id=\"d176cb4\"><p class=\"stk-block-text__text\">The information collected by the forms is recorded in a computerised file for the purposes of a request for information and the commercial relationship that may ensue. You may exercise your right of access to your personal data by using the form provided for this purpose.<\/p><\/div>\n\n\n\n<h3 class=\"wp-block-heading\" id=\"formulaires-de-contact\">Cookies<\/h3>\n\n\n\n<p id=\"formulaires-de-contact\">If you leave a comment on our site, you will be asked to save your name, email address and website in cookies. This is purely for your convenience, so that you do not have to enter this information if you leave another comment at a later date. These cookies expire after one year.<\/p>\n\n\n\n<p id=\"formulaires-de-contact\">If you have an account and log on to this site, a temporary cookie will be created to determine whether your browser accepts cookies. It does not contain any personal data and will be deleted automatically when you close your browser.<\/p>\n\n\n\n<p id=\"formulaires-de-contact\">For statistical purposes, this site uses cookies to collect information about the pages you have visited. In particular, they store anonymous information about your geographical position, your browser, etc.<\/p>\n\n\n\n<h3 class=\"wp-block-heading\" id=\"formulaires-de-contact\">Media<\/h3>\n\n\n\n<p id=\"formulaires-de-contact\">If you are a registered user and you upload images to the website, we advise you to avoid uploading images containing EXIF data of GPS coordinates. Visitors to your website can download and extract location data from these images.<\/p>\n\n\n\n<h3 class=\"wp-block-heading\" id=\"formulaires-de-contact\">Embedded content from other sites<\/h3>\n\n\n\n<p id=\"formulaires-de-contact\">Articles on this site may include embedded content (e.g. videos, images, articles, etc.). Embedded content from other sites behaves in the same way as if the visitor were visiting that other site.<\/p>\n\n\n\n<p id=\"formulaires-de-contact\">These websites may collect data about you, use cookies, embed third-party tracking tools and track your interactions with this embedded content if you have an account connected to their website.<\/p>\n\n\n\n<h2 class=\"wp-block-heading\" id=\"formulaires-de-contact\">Storage periods for your data<\/h2>\n\n\n\n<p id=\"formulaires-de-contact\">If you leave a comment, the comment and its metadata are kept indefinitely. This allows subsequent comments to be automatically recognised and approved instead of being left in the moderation queue.<\/p>\n\n\n\n<p id=\"formulaires-de-contact\">For users who register on our site (where possible), we also store the personal data indicated in their profile. All users can view, modify or delete their personal information at any time (with the exception of their user name). Site managers can also view and modify this information.<\/p>\n\n\n\n<h2 class=\"wp-block-heading\" id=\"formulaires-de-contact\">The rights you have over your data<\/h2>\n\n\n\n<p id=\"formulaires-de-contact\">If you have an account or if you have left comments on the site, you may request to receive a file containing all the personal data we hold about you, including that which you have provided to us. You may also request the deletion of your personal data. This does not include data stored for administrative, legal or security purposes.<\/p>\n\n\n\n<h2 class=\"wp-block-heading\" id=\"formulaires-de-contact\">Photos and rights<\/h2>\n\n\n\n<p id=\"formulaires-de-contact\">Photos Roland OZIEL - <a href=\"http:\/\/www.photo-vendee.com\/\" target=\"_blank\" rel=\"noreferrer noopener\">Photo Vend\u00e9e<\/a><br>\u00a9simonbourcier.com<br>Julien GAZEAU \/ Vend\u00e9e Expansion - rights reserved - www.vendee-tourisme.com - any reproduction or publication prohibited.<br>All rights reserved, unauthorised use prohibited<br>Dinos park : <a href=\"https:\/\/dinos-park.com\/\" target=\"_blank\" rel=\"noreferrer noopener\">https:\/\/dinos-park.com\/<\/a><br>Feeling Forest : <a href=\"https:\/\/feelingforest.com\/\" target=\"_blank\" rel=\"noreferrer noopener\">https:\/\/feelingforest.com\/<\/a><\/p>\n<\/div><\/div><\/div>\n<\/div><\/div>\n<\/div><\/div><\/div>\n<\/div><\/div>\n\n\n\n<div class=\"wp-block-columns is-layout-flex wp-container-core-columns-is-layout-28f84493 wp-block-columns-is-layout-flex\">\n<div class=\"wp-block-column is-layout-flow wp-block-column-is-layout-flow\" style=\"flex-basis:16.67%\"><\/div>\n\n\n\n<div class=\"wp-block-column is-layout-flow wp-block-column-is-layout-flow\" style=\"flex-basis:16.67%\">\n<figure class=\"wp-block-image size-full\"><a href=\"https:\/\/www.vendeecamping.com\/\" target=\"_blank\" rel=\" noreferrer noopener\"><img loading=\"lazy\" decoding=\"async\" width=\"128\" height=\"128\" src=\"https:\/\/www.camping-laprevote.fr\/wp-content\/uploads\/2025\/03\/Vendee-Camping-128px-1.png\" alt=\"Campsites Vend\u00e9e\" class=\"wp-image-10713\" srcset=\"https:\/\/www.camping-laprevote.fr\/wp-content\/uploads\/2025\/03\/Vendee-Camping-128px-1.png 128w, https:\/\/www.camping-laprevote.fr\/wp-content\/uploads\/2025\/03\/Vendee-Camping-128px-1-12x12.png 12w\" sizes=\"auto, (max-width: 128px) 100vw, 128px\" \/><\/a><\/figure>\n<\/div>\n\n\n\n<div class=\"wp-block-column is-layout-flow wp-block-column-is-layout-flow\" style=\"flex-basis:16.67%\">\n<figure class=\"wp-block-image size-full\"><a href=\"https:\/\/vacances-en-vendee.com\/\" target=\"_blank\" rel=\" noreferrer noopener\"><img loading=\"lazy\" decoding=\"async\" width=\"128\" height=\"128\" src=\"https:\/\/www.camping-laprevote.fr\/wp-content\/uploads\/2025\/03\/Logo-Vacances-en-Vendee-128px-1.png\" alt=\"Holidays Vend\u00e9e\" class=\"wp-image-10714\" srcset=\"https:\/\/www.camping-laprevote.fr\/wp-content\/uploads\/2025\/03\/Logo-Vacances-en-Vendee-128px-1.png 128w, https:\/\/www.camping-laprevote.fr\/wp-content\/uploads\/2025\/03\/Logo-Vacances-en-Vendee-128px-1-12x12.png 12w\" sizes=\"auto, (max-width: 128px) 100vw, 128px\" \/><\/a><\/figure>\n<\/div>\n\n\n\n<div class=\"wp-block-column is-layout-flow wp-block-column-is-layout-flow\" style=\"flex-basis:16.67%\">\n<figure class=\"wp-block-image size-full\"><a href=\"https:\/\/campingsaintgillescroixdevie.com\/\" target=\"_blank\" rel=\" noreferrer noopener\"><img loading=\"lazy\" decoding=\"async\" width=\"128\" height=\"128\" src=\"https:\/\/www.camping-laprevote.fr\/wp-content\/uploads\/2025\/03\/Logo-Campings-Saint-Gilles-Croix-de-Vie-128px-1.png\" alt=\"Holidays Saint Gilles Croix de Vie and Saint Hilaire de Riez\" class=\"wp-image-10715\" srcset=\"https:\/\/www.camping-laprevote.fr\/wp-content\/uploads\/2025\/03\/Logo-Campings-Saint-Gilles-Croix-de-Vie-128px-1.png 128w, https:\/\/www.camping-laprevote.fr\/wp-content\/uploads\/2025\/03\/Logo-Campings-Saint-Gilles-Croix-de-Vie-128px-1-12x12.png 12w\" sizes=\"auto, (max-width: 128px) 100vw, 128px\" \/><\/a><\/figure>\n<\/div>\n\n\n\n<div class=\"wp-block-column is-layout-flow wp-block-column-is-layout-flow\" style=\"flex-basis:16.67%\">\n<figure class=\"wp-block-image size-full\"><a href=\"https:\/\/campingsaintjeandemonts.com\/\" target=\"_blank\" rel=\" noreferrer noopener\"><img loading=\"lazy\" decoding=\"async\" width=\"128\" height=\"128\" src=\"https:\/\/www.camping-laprevote.fr\/wp-content\/uploads\/2025\/03\/Logo-Campings-Saint-Jean-de-Monts-128px-1.png\" alt=\"Holidays Saint Jean de Monts\" class=\"wp-image-10716\" srcset=\"https:\/\/www.camping-laprevote.fr\/wp-content\/uploads\/2025\/03\/Logo-Campings-Saint-Jean-de-Monts-128px-1.png 128w, https:\/\/www.camping-laprevote.fr\/wp-content\/uploads\/2025\/03\/Logo-Campings-Saint-Jean-de-Monts-128px-1-12x12.png 12w\" sizes=\"auto, (max-width: 128px) 100vw, 128px\" \/><\/a><\/figure>\n<\/div>\n\n\n\n<div class=\"wp-block-column is-layout-flow wp-block-column-is-layout-flow\" style=\"flex-basis:16.67%\"><\/div>\n<\/div>\n\n\n\n<p><\/p>","protected":false},"excerpt":{"rendered":"<p>\u00c9diteur SARL POLYAN LOISIRS 501 622 427 R.C.S. LA ROCHE SUR YONRC pro N\u00b00866144 assur\u00e9 au Finist\u00e8re assurance par l\u2019interm\u00e9diaire du Cabinet Marc Perray.Si\u00e8ge social : 62, avenue de la Faye, 85270 Saint Hilaire de RiezN\u00b0 de t\u00e9l\u00e9phone : 02 51 54 31 19E-mail : campinglaprevote@orange.fr Directeur de la publication Christophe GHILLET R\u00e9alisation Technique &amp; [&hellip;]<\/p>\n","protected":false},"author":1,"featured_media":10144,"parent":0,"menu_order":0,"comment_status":"closed","ping_status":"closed","template":"","meta":{"_acf_changed":false,"_seopress_robots_primary_cat":"","_seopress_titles_title":"Mentions l\u00e9gales - la Pr\u00e9vot\u00e9","_seopress_titles_desc":"Mentions l\u00e9gales du site internet du camping la Pr\u00e9vot\u00e9 \u00e0 Saint Hilaire de Riez","_seopress_robots_index":"","_vp_format_video_url":"","_vp_image_focal_point":[],"footnotes":""},"class_list":["post-591","page","type-page","status-publish","has-post-thumbnail","hentry"],"acf":[],"_links":{"self":[{"href":"https:\/\/www.camping-laprevote.fr\/en\/wp-json\/wp\/v2\/pages\/591","targetHints":{"allow":["GET"]}}],"collection":[{"href":"https:\/\/www.camping-laprevote.fr\/en\/wp-json\/wp\/v2\/pages"}],"about":[{"href":"https:\/\/www.camping-laprevote.fr\/en\/wp-json\/wp\/v2\/types\/page"}],"author":[{"embeddable":true,"href":"https:\/\/www.camping-laprevote.fr\/en\/wp-json\/wp\/v2\/users\/1"}],"replies":[{"embeddable":true,"href":"https:\/\/www.camping-laprevote.fr\/en\/wp-json\/wp\/v2\/comments?post=591"}],"version-history":[{"count":7,"href":"https:\/\/www.camping-laprevote.fr\/en\/wp-json\/wp\/v2\/pages\/591\/revisions"}],"predecessor-version":[{"id":10717,"href":"https:\/\/www.camping-laprevote.fr\/en\/wp-json\/wp\/v2\/pages\/591\/revisions\/10717"}],"wp:featuredmedia":[{"embeddable":true,"href":"https:\/\/www.camping-laprevote.fr\/en\/wp-json\/wp\/v2\/media\/10144"}],"wp:attachment":[{"href":"https:\/\/www.camping-laprevote.fr\/en\/wp-json\/wp\/v2\/media?parent=591"}],"curies":[{"name":"wp","href":"https:\/\/api.w.org\/{rel}","templated":true}]}}

<div class="wp-block-stackable-columns stk-block-columns stk-block stk-63fb2a9" data-block-id="63fb2a9"><style>.stk-63fb2a9 {margin-right:10% !important;margin-left:10% !important;}</style><div class="stk-row stk-inner-blocks stk-block-content stk-content-align stk-63fb2a9-column">
<div class="wp-block-stackable-column stk-block-column stk-column stk-block stk-0ffb381" data-v="4" data-block-id="0ffb381"><div class="stk-column-wrapper stk-block-column__content stk-container stk-0ffb381-container stk--no-background stk--no-padding"><div class="stk-block-content stk-inner-blocks stk-0ffb381-inner-blocks">
<h3 class="wp-block-heading">Publisher</h3>



<p>SARL POLYAN LOISIRS</p>



<p>501 622 427 R.C.S. LA ROCHE SUR YON<br>RC pro N°0866144 insured with Finistère assurance through Cabinet Marc Perray.<br>Registered office: 62, avenue de la Faye, 85270 Saint Hilaire de Riez, France<br>Telephone number : 02 51 54 31 19<br>E-mail: campinglaprevote@orange.fr</p>



<h3 class="wp-block-heading">Publishing director</h3>



<p>Christophe GHILLET</p>
</div></div></div>



<div class="wp-block-stackable-column stk-block-column stk-column stk-block stk-1ab2f58" data-v="4" data-block-id="1ab2f58"><div class="stk-column-wrapper stk-block-column__content stk-container stk-1ab2f58-container stk--no-background stk--no-padding"><div class="stk-block-content stk-inner-blocks stk-1ab2f58-inner-blocks">
<h3 class="wp-block-heading">Technical and graphic production :</h3>



<p>SEV / Ouest-Communication.com<br>123 Bd Louis Blanc, Hall 2<br>85000 La Roche sur Yon<br>Tel.: 02 51 20 30 40<br>E-mail: contact@ouest-communication.com<br>Website :&nbsp;<a href="https://www.ouest-communication.com/" target="_blank" rel="noreferrer noopener">https://www.ouest-communication.com/</a></p>



<h3 class="wp-block-heading">Site hosting :</h3>



<p>OVH<br>2 rue Kellermann<br>59100 Roubaix</p>
</div></div></div>
</div></div>



<div class="wp-block-stackable-columns stk-block-columns stk-block stk-7210b22" data-block-id="7210b22"><style>.stk-7210b22 {margin-right:10% !important;margin-left:10% !important;}</style><div class="stk-row stk-inner-blocks stk-block-content stk-content-align stk-7210b22-column">
<div class="wp-block-stackable-column stk-block-column stk-column stk-block stk-f145e30" data-v="4" data-block-id="f145e30"><div class="stk-column-wrapper stk-block-column__content stk-container stk-f145e30-container stk--no-background stk--no-padding"><div class="stk-block-content stk-inner-blocks stk-f145e30-inner-blocks">
<h2 class="wp-block-heading">Use of personal data collected</h2>



<div class="wp-block-stackable-columns stk-block-columns stk-block stk-8902aac" data-block-id="8902aac"><div class="stk-row stk-inner-blocks stk-block-content stk-content-align stk-8902aac-column">
<div class="wp-block-stackable-column stk-block-column stk-column stk-block stk-66d68ca" data-v="4" data-block-id="66d68ca"><div class="stk-column-wrapper stk-block-column__content stk-container stk-66d68ca-container stk--no-background stk--no-padding"><div class="stk-block-content stk-inner-blocks stk-66d68ca-inner-blocks">
<div class="wp-block-stackable-text stk-block-text stk-block stk-31912ec" id="formulaires-de-contact" data-block-id="31912ec"><p class="stk-block-text__text">Your personal data are only used in the context of the commercial relationship between you and the publisher "SARL POLYAN LOISIRS".</p></div>



<div class="wp-block-stackable-text stk-block-text stk-block stk-717b2c0" id="formulaires-de-contact" data-block-id="717b2c0"><p class="stk-block-text__text">Unless you give your explicit consent, your details will not be passed on to third parties.</p></div>



<div class="wp-block-stackable-heading stk-block-heading stk-block-heading--v2 stk-block stk-3332087" id="formulaires-de-contact" data-block-id="3332087"><h3 class="stk-block-heading__text">Contact forms</h3></div>



<div class="wp-block-stackable-text stk-block-text stk-block stk-d176cb4" id="formulaires-de-contact" data-block-id="d176cb4"><p class="stk-block-text__text">The information collected by the forms is recorded in a computerised file for the purposes of a request for information and the commercial relationship that may ensue. You may exercise your right of access to your personal data by using the form provided for this purpose.</p></div>



<h3 class="wp-block-heading" id="formulaires-de-contact">Cookies</h3>



<p id="formulaires-de-contact">If you leave a comment on our site, you will be asked to save your name, email address and website in cookies. This is purely for your convenience, so that you do not have to enter this information if you leave another comment at a later date. These cookies expire after one year.</p>



<p id="formulaires-de-contact">If you have an account and log on to this site, a temporary cookie will be created to determine whether your browser accepts cookies. It does not contain any personal data and will be deleted automatically when you close your browser.</p>



<p id="formulaires-de-contact">For statistical purposes, this site uses cookies to collect information about the pages you have visited. In particular, they store anonymous information about your geographical position, your browser, etc.</p>



<h3 class="wp-block-heading" id="formulaires-de-contact">Media</h3>



<p id="formulaires-de-contact">If you are a registered user and you upload images to the website, we advise you to avoid uploading images containing EXIF data of GPS coordinates. Visitors to your website can download and extract location data from these images.</p>



<h3 class="wp-block-heading" id="formulaires-de-contact">Embedded content from other sites</h3>



<p id="formulaires-de-contact">Articles on this site may include embedded content (e.g. videos, images, articles, etc.). Embedded content from other sites behaves in the same way as if the visitor were visiting that other site.</p>



<p id="formulaires-de-contact">These websites may collect data about you, use cookies, embed third-party tracking tools and track your interactions with this embedded content if you have an account connected to their website.</p>



<h2 class="wp-block-heading" id="formulaires-de-contact">Storage periods for your data</h2>



<p id="formulaires-de-contact">If you leave a comment, the comment and its metadata are kept indefinitely. This allows subsequent comments to be automatically recognised and approved instead of being left in the moderation queue.</p>



<p id="formulaires-de-contact">For users who register on our site (where possible), we also store the personal data indicated in their profile. All users can view, modify or delete their personal information at any time (with the exception of their user name). Site managers can also view and modify this information.</p>



<h2 class="wp-block-heading" id="formulaires-de-contact">The rights you have over your data</h2>



<p id="formulaires-de-contact">If you have an account or if you have left comments on the site, you may request to receive a file containing all the personal data we hold about you, including that which you have provided to us. You may also request the deletion of your personal data. This does not include data stored for administrative, legal or security purposes.</p>



<h2 class="wp-block-heading" id="formulaires-de-contact">Photos and rights</h2>



<p id="formulaires-de-contact">Photos Roland OZIEL - <a href="http://www.photo-vendee.com/" target="_blank" rel="noreferrer noopener">Photo Vendée</a><br>©simonbourcier.com<br>Julien GAZEAU / Vendée Expansion - rights reserved - www.vendee-tourisme.com - any reproduction or publication prohibited.<br>All rights reserved, unauthorised use prohibited<br>Dinos park : <a href="https://dinos-park.com/" target="_blank" rel="noreferrer noopener">https://dinos-park.com/</a><br>Feeling Forest : <a href="https://feelingforest.com/" target="_blank" rel="noreferrer noopener">https://feelingforest.com/</a></p>
</div></div></div>
</div></div>
</div></div></div>
</div></div>



<div class="wp-block-columns is-layout-flex wp-container-core-columns-is-layout-28f84493 wp-block-columns-is-layout-flex">
<div class="wp-block-column is-layout-flow wp-block-column-is-layout-flow" style="flex-basis:16.67%"></div>



<div class="wp-block-column is-layout-flow wp-block-column-is-layout-flow" style="flex-basis:16.67%">
<figure class="wp-block-image size-full"><a href="https://www.vendeecamping.com/" target="_blank" rel=" noreferrer noopener"><img loading="lazy" decoding="async" width="128" height="128" src="https://www.camping-laprevote.fr/wp-content/uploads/2025/03/Vendee-Camping-128px-1.png" alt="Campsites Vendée" class="wp-image-10713" srcset="https://www.camping-laprevote.fr/wp-content/uploads/2025/03/Vendee-Camping-128px-1.png 128w, https://www.camping-laprevote.fr/wp-content/uploads/2025/03/Vendee-Camping-128px-1-12x12.png 12w" sizes="auto, (max-width: 128px) 100vw, 128px" /></a></figure>
</div>



<div class="wp-block-column is-layout-flow wp-block-column-is-layout-flow" style="flex-basis:16.67%">
<figure class="wp-block-image size-full"><a href="https://vacances-en-vendee.com/" target="_blank" rel=" noreferrer noopener"><img loading="lazy" decoding="async" width="128" height="128" src="https://www.camping-laprevote.fr/wp-content/uploads/2025/03/Logo-Vacances-en-Vendee-128px-1.png" alt="Holidays Vendée" class="wp-image-10714" srcset="https://www.camping-laprevote.fr/wp-content/uploads/2025/03/Logo-Vacances-en-Vendee-128px-1.png 128w, https://www.camping-laprevote.fr/wp-content/uploads/2025/03/Logo-Vacances-en-Vendee-128px-1-12x12.png 12w" sizes="auto, (max-width: 128px) 100vw, 128px" /></a></figure>
</div>



<div class="wp-block-column is-layout-flow wp-block-column-is-layout-flow" style="flex-basis:16.67%">
<figure class="wp-block-image size-full"><a href="https://campingsaintgillescroixdevie.com/" target="_blank" rel=" noreferrer noopener"><img loading="lazy" decoding="async" width="128" height="128" src="https://www.camping-laprevote.fr/wp-content/uploads/2025/03/Logo-Campings-Saint-Gilles-Croix-de-Vie-128px-1.png" alt="Holidays Saint Gilles Croix de Vie and Saint Hilaire de Riez" class="wp-image-10715" srcset="https://www.camping-laprevote.fr/wp-content/uploads/2025/03/Logo-Campings-Saint-Gilles-Croix-de-Vie-128px-1.png 128w, https://www.camping-laprevote.fr/wp-content/uploads/2025/03/Logo-Campings-Saint-Gilles-Croix-de-Vie-128px-1-12x12.png 12w" sizes="auto, (max-width: 128px) 100vw, 128px" /></a></figure>
</div>



<div class="wp-block-column is-layout-flow wp-block-column-is-layout-flow" style="flex-basis:16.67%">
<figure class="wp-block-image size-full"><a href="https://campingsaintjeandemonts.com/" target="_blank" rel=" noreferrer noopener"><img loading="lazy" decoding="async" width="128" height="128" src="https://www.camping-laprevote.fr/wp-content/uploads/2025/03/Logo-Campings-Saint-Jean-de-Monts-128px-1.png" alt="Holidays Saint Jean de Monts" class="wp-image-10716" srcset="https://www.camping-laprevote.fr/wp-content/uploads/2025/03/Logo-Campings-Saint-Jean-de-Monts-128px-1.png 128w, https://www.camping-laprevote.fr/wp-content/uploads/2025/03/Logo-Campings-Saint-Jean-de-Monts-128px-1-12x12.png 12w" sizes="auto, (max-width: 128px) 100vw, 128px" /></a></figure>
</div>



<div class="wp-block-column is-layout-flow wp-block-column-is-layout-flow" style="flex-basis:16.67%"></div>
</div>



<p></p>

<p>Éditeur SARL POLYAN LOISIRS 501 622 427 R.C.S. LA ROCHE SUR YONRC pro N°0866144 assuré au Finistère assurance par l’intermédiaire du Cabinet Marc Perray.Siège social : 62, avenue de la Faye, 85270 Saint Hilaire de RiezN° de téléphone : 02 51 54 31 19E-mail : campinglaprevote@orange.fr Directeur de la publication Christophe GHILLET Réalisation Technique &amp; [&hellip;]</p>

Mentions légales - la Prévoté

Mentions légales du site internet du camping la Prévoté à Saint Hilaire de Riez
